mmon factor of 352 and 128.
32
Calculate the highest common factor of 345 and 161.
23
What is the highest common divisor of 37 and 74?
37
What is the greatest common factor of 2208 and 46?
46
What is the greatest common divisor of 1725 and 225?
75
Calculate the highest common factor of 4 and 193.
1
Calculate the highest common factor of 170 and 1000.
10
What is the highest common divisor of 15 and 15?
15
Calculate the greatest common divisor of 1363 and 145.
29
What is the greatest common divisor of 602 and 196?
14
Calculate the greatest common divisor of 53 and 689.
53
Calculate the greatest common factor of 15 and 20.
5
What is the greatest common divisor of 81 and 1296?
81
What is the highest common factor of 120 and 1020?
60
What is the highest common factor of 1360 and 368?
16
Calculate the greatest common divisor of 16 and 216.
8
What is the greatest common factor of 998 and 2?
2
What is the highest common divisor of 42 and 1134?
42
What is the highest common factor of 299 and 828?
23
Calculate the greatest common factor of 1705 and 31.
31
What is the greatest common divisor of 91 and 77?
7
Calculate the highest common factor of 2088 and 58.
58
What is the greatest common factor of 20 and 44?
4
What is the highest common divisor of 200 and 280?
40
What is the highest common divisor of 105 and 420?
105
What is the greatest common factor of 270 and 630?
90
Calculate the greatest common divisor of 76 and 8018.
38
What is the greatest common divisor of 368 and 1081?
23
What is the greatest common divisor of 21 and 1149?
3
Calculate the highest common factor of 9711 and 78.
39
What is the highest common factor of 21 and 1491?
21
Calculate the greatest common factor of 30 and 870.
30
What is the greatest common factor of 84 and 216?
12
Calculate the highest common factor of 221 and 51.
17
Calculate the highest common factor of 153 and 6.
3
Calculate the greatest common divisor of 79 and 3.
1
Calculate the highest common factor of 88 and 7183.
11
Calculate the highest common divisor of 88 and 16.
8
Calculate the greatest common divisor of 13 and 1313.
13
Calculate the greatest common divisor of 8220 and 3.
3
What is the greatest common factor of 512 and 8?
8
What is the highest common factor of 2108 and 136?
68
What is the greatest common divisor of 4522 and 152?
38
What is the highest common divisor of 765 and 459?
153
Calculate the greatest common factor of 40 and 64.
8
What is the greatest common divisor of 22 and 473?
11
Calculate the greatest common factor of 60 and 120.
60
Calculate the highest common divisor of 38 and 342.
38
Calculate the highest common divisor of 80 and 16.
16
What is the highest common factor of 125 and 15?
5
What is the greatest common factor of 162 and 72?
18
Calculate the greatest common factor of 325 and 8710.
65
What is the highest common divisor of 190 and 304?
38
What is the greatest common divisor of 747 and 27?
9
What is the highest common factor of 36 and 4?
4
What is the greatest common factor of 9 and 45?
9
What is the highest common factor of 1305 and 580?
145
Calculate the highest common factor of 27 and 23301.
27
What is the highest common factor of 155 and 4061?
31
Calculate the highest common divisor of 7 and 784.
7
What is the highest common divisor of 49 and 42?
7
Calculate the greatest common factor of 153 and 731.
17
What is the highest common divisor of 8411 and 13?
13
Calculate the highest common divisor of 2714 and 46.
46
Calculate the greatest common factor of 99 and 12.
3
Calculate the greatest common divisor of 452 and 32.
4
Calculate the highest common factor of 52 and 182.
26
Calculate the highest common divisor of 220 and 3278.
22
Calculate the greatest common factor of 126 and 81.
9
Calculate the greatest common factor of 1887 and 222.
111
Calculate the highest common factor of 10 and 276.
2
What is the highest common divisor of 1236 and 42?
6
What is the greatest common divisor of 32 and 36?
4
What is the greatest common divisor of 344 and 301?
43
Calculate the highest common factor of 16 and 196.
4
What is the highest common divisor of 14 and 44674?
14
What is the greatest common factor of 340 and 20?
20
What is the greatest common factor of 334 and 8517?
167
Calculate the highest common factor of 8814 and 13.
13
Calculate the highest common factor of 5211 and 27.
27
Calculate the greatest common factor of 99 and 781.
11
Calculate the highest common factor of 16 and 24.
8
What is the highest common divisor of 77 and 63?
7
Calculate the highest common factor of 5 and 1760.
5
Calculate the greatest common divisor of 119 and 153.
17
What is the highest common divisor of 34 and 595?
17
What is the greatest common factor of 296 and 32?
8
Calculate the highest common factor of 26 and 4.
2
Calculate the highest common divisor of 9 and 747.
9
What is the highest common factor of 9154 and 46?
46
What is the highest common factor of 26 and 1846?
26
What is the greatest common divisor of 108 and 3?
3
What is the highest common factor of 752 and 47?
47
Calculate the greatest common divisor of 8575 and 700.
175
Calculate the highest common factor of 259 and 999.
37
What is the highest common divisor of 1419 and 301?
43
Calculate the highest common divisor of 498 and 30.
6
What is the highest common factor of 7 and 34657?
7
What is the highest common divisor of 106 and 954?
106
Calculate the highest common divisor of 105 and 435.
15
What is the highest common factor of 38 and 190?
38
What is the greatest common divisor of 38 and 304?
38
What is the greatest common divisor of 33 and 60?
3
What is the greatest common factor of 47 and 3337?
47
Calculate the greatest common factor of 352 and 33.
11
Calculate the highest common divisor of 224 and 96.
32
What is the greatest common factor of 415 and 249?
83
What is the greatest common factor of 2 and 50?
2
Calculate the highest common factor of 1029 and 21.
21
What is the highest common divisor of 85 and 340?
85
What is the greatest common divisor of 768 and 24?
24
What is the highest common factor of 1247 and 86?
43
What is the highest common divisor of 678 and 6?
6
What is the greatest common factor of 5136 and 48?
48
What is the highest common divisor of 742 and 42?
14
What is the greatest common factor of 1411 and 68?
17
Calculate the highest common divisor of 1836 and 1156.
68
What is the greatest common divisor of 27 and 42309?
27
What is the greatest common factor of 19 and 361?
19
Calculate the highest common factor of 7 and 595.
7
What is the highest common factor of 192 and 34368?
192
Calculate the highest common divisor of 184 and 32.
8
Calculate the highest common divisor of 465 and 2046.
93
Calculate the highest common factor of 2107 and 129.
43
Calculate the highest common factor of 54 and 576.
18
What is the highest common divisor of 25 and 15775?
25
What is the greatest common factor of 33699 and 141?
141
What is the greatest common factor of 16 and 38?
2
Calculate the highest common factor of 2911 and 213.
71
Calculate the highest common divisor of 11 and 77.
11
Calculate the highest common factor of 61 and 4.
1
Calculate the highest common factor of 61 and 305.
61
What is the greatest common divisor of 10475 and 25?
25
What is the greatest common factor of 83 and 2?
1
Calculate the greatest common divisor of 64 and 48.
16
What is the highest common divisor of 16841 and 11?
11
What is the highest common factor of 1391 and 107?
107
What is the highest common factor of 363 and 341?
11
What is the highest common factor of 60 and 100?
20
Calculate the highest common factor of 75 and 1965.
15
What is the highest common divisor of 20 and 940?
20
What is the greatest common factor of 1050 and 28?
14
Calculate the greatest common factor of 140 and 28.
28
What is the greatest common factor of 72 and 252?
36
What is the highest common factor of 18840 and 120?
120
What is the greatest common factor of 11 and 121?
11
What is the highest common factor of 42 and 147?
21
Calculate the highest common divisor of 49558 and 349.
349
What is the highest common divisor of 108 and 54?
54
Calculate the greatest common divisor of 1980 and 20.
20
What is the highest common divisor of 12 and 1068?
12
Calculate the greatest common factor of 56 and 16.
8
What i